multiple of 73?
False
Is 7100 a multiple of 71?
True
Does 19 divide 5983?
False
Is 17545 a multiple of 15?
False
Does 39 divide 2489?
False
Is 51489 a multiple of 13?
False
Is 10 a factor of 430?
True
Is 17 a factor of 2206?
False
Does 10 divide 4232?
False
Does 8 divide 7008?
True
Is 1825 a multiple of 25?
True
Is 49 a factor of 5390?
True
Does 2 divide 136?
True
Does 5 divide 4250?
True
Is 14 a factor of 154?
True
Is 17 a factor of 3128?
True
Does 55 divide 385?
True
Is 2 a factor of 63?
False
Does 24 divide 1872?
True
Is 24 a multiple of 8?
True
Is 17 a factor of 255?
True
Does 2 divide 352?
True
Is 225 a multiple of 15?
True
Does 11 divide 339?
False
Does 7 divide 4242?
True
Is 1911 a multiple of 147?
True
Is 11306 a multiple of 3?
False
Is 13174 a multiple of 14?
True
Does 6 divide 221?
False
Does 35 divide 12040?
True
Is 114 a multiple of 3?
True
Is 431 a multiple of 4?
False
Is 9 a factor of 29054?
False
Is 130 a factor of 1915?
False
Does 13 divide 18620?
False
Is 16723 a multiple of 7?
True
Is 63 a factor of 73584?
True
Is 2 a factor of 345?
False
Does 22 divide 7194?
True
Is 65 a factor of 2275?
True
Is 357 a multiple of 3?
True
Does 5 divide 315?
True
Is 5237 a multiple of 2?
False
Does 63 divide 4032?
True
Is 3 a factor of 615?
True
Does 21 divide 19236?
True
Does 2 divide 236?
True
Is 6789 a multiple of 31?
True
Is 14801 a multiple of 18?
False
Is 20 a factor of 480?
True
Is 178 a factor of 22306?
False
Is 2233 a multiple of 10?
False
Is 5152 a multiple of 161?
True
Is 11140 a multiple of 20?
True
Is 11 a factor of 785?
False
Is 1412 a multiple of 11?
False
Is 317 a multiple of 11?
False
Is 31 a factor of 283?
False
Is 569 a multiple of 5?
False
Is 10 a factor of 10?
True
Does 13 divide 7683?
True
Is 3108 a multiple of 37?
True
Is 1722 a multiple of 21?
True
Is 9801 a multiple of 11?
True
Is 1076 a multiple of 13?
False
Does 15 divide 1530?
True
Is 6186 a multiple of 22?
False
Is 100 a factor of 132787?
False
Is 5 a factor of 430?
True
Is 737 a multiple of 22?
False
Is 13658 a multiple of 35?
False
Is 1200 a multiple of 60?
True
Does 7 divide 2755?
False
Is 64 a factor of 1984?
True
Is 15 a multiple of 2?
False
Is 66 a factor of 27085?
False
Is 81 a factor of 486?
True
Is 45 a factor of 13815?
True
Does 27 divide 51111?
True
Is 46680 a multiple of 60?
True
Is 46 a factor of 230?
True
Does 17 divide 4947?
True
Is 13895 a multiple of 7?
True
Is 74 a factor of 148?
True
Is 700 a multiple of 14?
True
Is 4191 a multiple of 178?
False
Is 8899 a multiple of 63?
False
Is 21 a factor of 26082?
True
Is 1786 a multiple of 141?
False
Is 2914 a multiple of 62?
True
Is 4 a factor of 1188?
True
Is 3552 a multiple of 111?
True
Is 1546 a multiple of 113?
False
Does 2 divide 384?
True
Is 29 a factor of 436?
False
Does 8 divide 126?
False
Is 429 a multiple of 85?
False
Is 2494 a multiple of 29?
True
Does 13 divide 209?
False
Is 3 a factor of 69?
True
Is 10 a factor of 437?
False
Is 24 a factor of 3157?
False
Is 9853 a multiple of 59?
True
Is 26920 a multiple of 20?
True
Is 150 a factor of 8250?
True
Does 74 divide 140230?
True
Does 14 divide 544?
False
Is 2 a factor of 87?
False
Is 160 a multiple of 16?
True
Does 17 divide 1219?
False
Is 433 a multiple of 30?
False
Is 2244 a multiple of 44?
True
Is 358 a multiple of 19?
False
Is 96 a factor of 6156?
False
Is 10824 a multiple of 82?
True
Is 19525 a multiple of 25?
True
Is 6410 a multiple of 21?
False
Is 1156 a multiple of 16?
False
Is 3 a factor of 8091?
True
Does 34 divide 178?
False
Is 20676 a multiple of 9?
False
Is 4008 a multiple of 12?
True
Does 33 divide 25014?
True
Is 238 a multiple of 34?
True
Is 555 a multiple of 15?
True
Is 3434 a multiple of 21?
False
Does 17 divide 9976?
False
Is 14 a factor of 1848?
True
Is 47775 a multiple of 245?
True
Is 9722 a multiple of 16?
False
Is 66 a multiple of 11?
True
Is 40 a factor of 37389?
False
Is 18 a factor of 1008?
True
Does 110 divide 12320?
True
Is 35 a factor of 13444?
False
Is 51 a factor of 466?
False
Is 15 a factor of 912?
False
Does 106 divide 13062?
False
Does 7 divide 871?
False
Is 10 a factor of 256?
False
Does 15 divide 5948?
False
Is 193 a factor of 5597?
True
Is 123 a multiple of 3?
True
Is 9025 a multiple of 175?
False
Does 4 divide 296?
True
Is 1440 a multiple of 20?
True
Is 273 a multiple of 91?
True
Is 3360 a multiple of 12?
True
Does 107 divide 7433?
False
Is 20 a factor of 133740?
True
Is 23 a factor of 10258?
True
Is 16 a factor of 576?
True
Does 14 divide 200?
False
Is 160 a multiple of 16?
True
Is 108720 a multiple of 18?
True
Is 10 a factor of 1151?
False
Does 10 divide 6418?
False
Does 10 divide 320?
True
Does 121 divide 3081?
False
Does 30 divide 300?
True
Does 33 divide 44847?
True
Does 26 divide 5694?
True
Is 4950 a multiple of 45?
True
Is 11594 a multiple of 31?
True
Does 13 divide 1690?
True
Does 6 divide 39241?
False
Is 7 a factor of 4253?
False
Is 77402 a multiple of 13?
True
Does 108 divide 40229?
False
Does 12 divide 1320?
True
Is 32300 a multiple of 10?
True
Is 6323 a multiple of 10?
False
Is 20301 a multiple of 101?
True
Is 18 a factor of 2232?
True
Is 15 a factor of 1815?
True
Is 5 a factor of 3794?
False
Does 251 divide 1004?
True
Is 1795 a multiple of 28?
False
Is 217 a multiple of 31?
True
Does 61 divide 14555?
False
Is 8419 even?
False
Is 4629 a multiple of 32?
False
Is 17 a factor of 752?
False
Does 7 divide 15165?
False
Does 8 divide 1448?
True
Is 130 a factor of 73202?
False
Is 49 a factor of 1726?
False
Is 304 a multiple of 44?
False
Does 197 divide 23246?
True
Is 714 a multiple of 51?
True
Is 16 a factor of 1735?
False
Is 19 a factor of 970?
False
Is 11966 a multiple of 126?
False
Does 22 divide 9438?
True
Does 5 divide 1820?
True
Does 7 divide 26934?
False
Is 488 a multiple of 27?
False
Is 201 a factor of 27939?
True
Does 85 divide 480?
False
Does 24 divide 9721?
False
Does 210 divide 11848?
False
Does 6 divide 9154?
False
Is 25 a factor of 125?
True
Is 130 a multiple of 26?
True
Is 74 a multiple of 19?
False
Is 2968 a multiple of 56?
True
Is 222 a multiple of 6?
True
Is 2 a factor of 488?
True
Does 38 divide 222?
False
Does 24 divide 13078?
False
Is 6426 a multiple of 63?
True
Is 2825 a multiple of 18?
False
Does 69 divide 1794?
True
Is 5389 a multiple of 135?
False
Is 726 a multiple of 35?
False
Is 2547 a multiple of 6?
False
Is 23 a factor of 230?
True
Is 25640 a multiple of 140?
False
Is 55 a factor of 15207?
False
Is 7985 a multiple of 49?
False
Is 6 a factor of 924?
True
Is 10 a factor of 21813?
False
Does 9 divide 126?
True
Is 15 a factor of 1035?
True
Is 6 a factor of 135?
False
Is 4 a factor of 9928?
True
Is 48 a multiple of 11?
False
Is 47 a factor of 1532?
False
Is 4514 a multiple of 37?
True
Is 95 a factor of 380?
True
Does 104 divide 1144?
True
Does 8 divide 2996?
False
Is 124514 a multiple of 26?
True
Does 10 divide 294?
False
Does 14 divide 5294?
False
Does 14 divide 5348?
True
Does 38 divide 34858?
False
Is 1440 a multiple of 80?
True
Is 19 a factor of 20032?
False
Is 76 a factor of 36130?
False
Is 56 a factor of 18592?
True
Is 1836 a multiple of 18?
True
Does 27 divide 6370?
False
Is 30465 a multiple of 9?
True
Is 155 a factor of 17161?
False
Is 36 a factor of 129?
False
Is 4082 a multiple of 70?
False
Does 17 divide 493?
True
Is 7672 a multiple of 7?
True
Is 726 a multiple of 19?
False
Does 38 divide 3785?
False
Does 42 divide 462?
True
Is 80 a factor of 71684?
False
Is 19855 a multiple of 19?
True
Is 3597 a multiple of 71?
False
Is 4212 a multiple of 18?
True
Does 10 divide 1990?
True
Is 9 a factor of 1177?
False
Is 9 a factor of 11277?
True
Does 5 divide 79?
False
Is 26 a factor of 2596?
False
Is 95 a multiple of 5?
True
Does 269 divide 134586?
False
Is 4278 a multiple of 69?
True
Is 22335 a multiple of 31?
False
Is 27 a factor of 19031?
False
Is 28 a factor of 1176?
True
Is 71 a factor of 25841?
False
Is 80042 a multiple of 62?
True
Is 5499 a multiple of 3?
True
Is 24 a factor of 658?
False
Is 1248 a multiple of 24?
True
Is 2 a factor of 27964?
True
Is 12 a factor of 5601?
False
Does 29 divide 10865?
False
Is 392 a multiple of 3?
False
Is 153557 a multiple of 529?
False
Is 34 a factor of 8618?
False
Is 912 a multiple of 24?
True
Does 17 divide 4420?
True
Is 353 a multiple of 3?
Fa